is the thousands digit of 788595665?
5
What is the hundreds digit of 72780927?
9
What is the ten millions digit of 124727194?
2
What is the ten thousands digit of 119999238?
9
What is the hundreds digit of 437115754?
7
What is the hundreds digit of 13634114?
1
What is the tens digit of 166895925?
2
What is the millions digit of 680559490?
0
What is the hundreds digit of 1601179169?
1
What is the millions digit of 543069767?
3
What is the units digit of 1576040970?
0
What is the ten thousands digit of 100397549?
9
What is the thousands digit of 17811775?
1
What is the tens digit of 93627996?
9
What is the hundreds digit of 4959260459?
4
What is the hundreds digit of 1998065940?
9
What is the millions digit of 55974343?
5
What is the hundred thousands digit of 739779564?
7
What is the hundred millions digit of 767905483?
7
What is the ten millions digit of 1416936733?
1
What is the ten thousands digit of 72635760?
3
What is the tens digit of 3325288812?
1
What is the hundred thousands digit of 1403941577?
9
What is the hundreds digit of 521858409?
4
What is the ten thousands digit of 67033832?
3
What is the tens digit of 98380457?
5
What is the tens digit of 783537314?
1
What is the ten thousands digit of 1547752834?
5
What is the hundreds digit of 28348016?
0
What is the ten thousands digit of 155281128?
8
What is the hundreds digit of 484095411?
4
What is the tens digit of 82883077?
7
What is the units digit of 141207236?
6
What is the billions digit of 3073287105?
3
What is the hundreds digit of 220440882?
8
What is the millions digit of 105484694?
5
What is the millions digit of 1625640949?
5
What is the hundred thousands digit of 289939260?
9
What is the tens digit of 15479390?
9
What is the hundreds digit of 388160227?
2
What is the millions digit of 2940188662?
0
What is the hundreds digit of 165109968?
9
What is the ten thousands digit of 1049193274?
9
What is the hundreds digit of 467582635?
6
What is the thousands digit of 48760270?
0
What is the ten thousands digit of 135358251?
5
What is the millions digit of 831150310?
1
What is the ten thousands digit of 2246014392?
1
What is the units digit of 939040060?
0
What is the millions digit of 2363825806?
3
What is the hundred millions digit of 2541919259?
5
What is the billions digit of 2353544342?
2
What is the ten millions digit of 396712370?
9
What is the tens digit of 1583373658?
5
What is the ten millions digit of 1599978270?
9
What is the hundred thousands digit of 85578962?
5
What is the units digit of 78385448?
8
What is the units digit of 780225082?
2
What is the millions digit of 61296890?
1
What is the millions digit of 265355825?
5
What is the ten millions digit of 843469227?
4
What is the hundred millions digit of 107916780?
1
What is the hundred thousands digit of 122987724?
9
What is the millions digit of 259211155?
9
What is the millions digit of 59087535?
9
What is the millions digit of 23448498?
3
What is the ten thousands digit of 132009501?
0
What is the hundred millions digit of 3894045521?
8
What is the hundreds digit of 85388404?
4
What is the units digit of 1939398778?
8
What is the hundred millions digit of 3882902298?
8
What is the thousands digit of 1625170982?
0
What is the hundreds digit of 2269657277?
2
What is the millions digit of 317066776?
7
What is the ten millions digit of 32595260?
3
What is the thousands digit of 42950338?
0
What is the ten thousands digit of 917183076?
8
What is the ten thousands digit of 66002888?
0
What is the millions digit of 3023675712?
3
What is the ten thousands digit of 7429456968?
5
What is the thousands digit of 2685359?
5
What is the tens digit of 33093734?
3
What is the ten millions digit of 2831671021?
3
What is the millions digit of 59702170?
9
What is the hundred thousands digit of 2751179632?
1
What is the millions digit of 257259122?
7
What is the hundreds digit of 2178092948?
9
What is the units digit of 29031227?
7
What is the hundred millions digit of 571501405?
5
What is the hundreds digit of 607317601?
6
What is the hundred millions digit of 3333482874?
3
What is the millions digit of 38756638?
8
What is the hundreds digit of 14521456?
4
What is the hundred millions digit of 285839155?
2
What is the tens digit of 2706579554?
5
What is the hundred thousands digit of 5109882980?
8
What is the ten millions digit of 153531319?
5
What is the hundreds digit of 2599983753?
7
What is the tens digit of 318001634?
3
What is the hundred thousands digit of 108033740?
0
What is the tens digit of 1321447731?
3
What is the billions digit of 4164345525?
4
What is the hundred thousands digit of 677782442?
7
What is the millions digit of 29960183?
9
What is the ten millions digit of 36991420?
3
What is the units digit of 36340656?
6
What is the ten thousands digit of 138917099?
1
What is the hundreds digit of 122844758?
7
What is the tens digit of 119414409?
0
What is the ten thousands digit of 124672895?
7
What is the millions digit of 58238197?
8
What is the tens digit of 428967361?
6
What is the units digit of 46215900?
0
What is the thousands digit of 5250233346?
3
What is the thousands digit of 154155873?
5
What is the ten millions digit of 471479284?
7
What is the thousands digit of 9628364?
8
What is the hundred thousands digit of 79478911?
4
What is the tens digit of 7405581161?
6
What is the ten millions digit of 46752595?
4
What is the ten thousands digit of 11391081?
9
What is the hundred thousands digit of 324972464?
9
What is the thousands digit of 1333649019?
9
What is the thousands digit of 3018941897?
1
What is the hundred thousands digit of 228876300?
8
What is the tens digit of 241601558?
5
What is the millions digit of 910924370?
0
What is the tens digit of 3753858622?
2
What is the hundred thousands digit of 19415972?
4
What is the hundred thousands digit of 656490924?
4
What is the hundred millions digit of 5750729239?
7
What is the hundred thousands digit of 67509369?
5
What is the ten thousands digit of 64148425?
4
What is the thousands digit of 1918595?
8
What is the ten millions digit of 189512021?
8
What is the units digit of 146475308?
8
What is the ten thousands digit of 336926948?
2
What is the units digit of 402274908?
8
What is the hundreds digit of 200413358?
3
What is the hundreds digit of 4830121?
1
What is the hundred thousands digit of 193840666?
8
What is the tens digit of 2092125982?
8
What is the units digit of 362555653?
3
What is the hundred thousands digit of 1049553667?
5
What is the tens digit of 1715359157?
5
What is the thousands digit of 23385422?
5
What is the millions digit of 69496596?
9
What is the units digit of 2083093377?
7
What is the hundred millions digit of 1023462242?
0
What is the units digit of 1272694313?
3
What is the millions digit of 205072642?
5
What is the units digit of 1581918507?
7
What is the tens digit of 13924756?
5
What is the tens digit of 922824163?
6
What is the hundreds digit of 33217162?
1
What is the units digit of 1981771249?
9
What is the millions digit of 257314898?
7
What is the hundreds digit of 211930434?
4
What is the ten millions digit of 820962727?
2
What is the hundred millions digit of 5289162587?
2
What is the millions digit of 6042145?
6
What is the thousands digit of 7552024700?
4
What is the hundreds digit of 1112997?
9
What is the ten millions digit of 2777438264?
7
What is the units digit of 73508689?
9
What is the tens digit of 37992546?
4
What is the ten millions digit of 252913799?
5
What is the tens digit of 12131095?
9
What is the units digit of 2840050221?
1
What is the ten millions digit of 304888381?
0
What is the ten thousands digit of 43669456?
6
What is the ten millions digit of 33131460?
3
What is the hundred thousands digit of 274703572?
7
What is the hundreds digit of 5941115408?
4
What is the thousands digit of 63275?
3
What is the hundreds digit of 677075213?
2
What is the millions digit of 170101782?
0
What is the units digit of 1733143918?
8
What is the thousands digit of 41695700?
5
What is the ten millions digit of 1141867007?
4
What is the millions digit of 279202485?
9
What is the ten millions digit of 49863795?
4
What is the hundreds digit of 375605123?
1
What is the ten millions digit of 51799630?
5
What 